{"id":90,"date":"2024-04-15T11:31:50","date_gmt":"2024-04-15T11:31:50","guid":{"rendered":"http:\/\/pirupak.de\/?page_id=90"},"modified":"2024-05-11T15:49:53","modified_gmt":"2024-05-11T15:49:53","slug":"willkommen","status":"publish","type":"page","link":"https:\/\/pirupak.de\/","title":{"rendered":"Willkommen"},"content":{"rendered":"<p>[et_pb_section fb_built=&#8220;1&#8243; admin_label=&#8220;Header&#8220; _builder_version=&#8220;4.24.2&#8243; _module_preset=&#8220;default&#8220; collapsed=&#8220;on&#8220; global_colors_info=&#8220;{}&#8220;][et_pb_row _builder_version=&#8220;4.24.2&#8243; _module_preset=&#8220;default&#8220; width=&#8220;90%&#8220; max_width=&#8220;none&#8220; global_colors_info=&#8220;{}&#8220;][et_pb_column type=&#8220;4_4&#8243; _builder_version=&#8220;4.24.2&#8243; _module_preset=&#8220;default&#8220; global_colors_info=&#8220;{}&#8220;][et_pb_text _builder_version=&#8220;4.24.3&#8243; _module_preset=&#8220;187733cf-973a-41f5-9f6c-edfe41794839&#8243; header_2_font_size=&#8220;38px&#8220; hover_enabled=&#8220;0&#8243; global_colors_info=&#8220;{}&#8220; sticky_enabled=&#8220;0&#8243;]<\/p>\n<h2><strong>Willkommen bei PIR\u00dc PAK<br \/><\/strong><\/h2>\n<p>[\/et_pb_text][\/et_pb_column][\/et_pb_row][et_pb_row _builder_version=&#8220;4.24.2&#8243; _module_preset=&#8220;default&#8220; width=&#8220;90%&#8220; max_width=&#8220;none&#8220; global_colors_info=&#8220;{}&#8220;][et_pb_column type=&#8220;4_4&#8243; _builder_version=&#8220;4.24.2&#8243; _module_preset=&#8220;default&#8220; global_colors_info=&#8220;{}&#8220;][et_pb_text _builder_version=&#8220;4.24.3&#8243; _module_preset=&#8220;802a0cc5-890d-4603-b351-7157b37db8be&#8220; custom_padding=&#8220;||0px|||&#8220; global_colors_info=&#8220;{}&#8220;]<\/p>\n<p>Seit \u00fcber einem Jahrzehnt bleiben wir fest auf dem Boden der Tatsachen. Unsere Expertise in der Reinigung hat uns zu einem vertrauensw\u00fcrdigen Namen in Berlin und Umgebung gemacht. Als f\u00fchrende Teppichreiniger sind wir stolz darauf, unseren Kunden eine professionelle und fachlich korrekte Beratung anzubieten, egal welche Reinigungsprobleme auftreten.<\/p>\n<p>Unsere Leidenschaft f\u00fcr Sauberkeit treibt uns an, von herk\u00f6mmlichen Reinigungsmethoden zu innovativen L\u00f6sungen \u00fcberzugehen. Mit mehr als 10 Jahren Erfahrung haben wir uns einen Ruf erworben, auch die hartn\u00e4ckigsten Flecken zu beseitigen, und das alles mit umweltfreundlichen Reinigungsmitteln auf biologischer Basis.<\/p>\n<p>Entdecken Sie, wie wir Ihren Teppich wieder zum Strahlen bringen k\u00f6nnen. Kontaktieren Sie uns noch heute f\u00fcr eine professionelle Reinigungsdienstleistung, die Ergebnisse liefert, auf die Sie sich verlassen k\u00f6nnen.<\/p>\n<p>[\/et_pb_text][\/et_pb_column][\/et_pb_row][et_pb_row column_structure=&#8220;1_4,1_4,1_4,1_4&#8243; use_custom_gutter=&#8220;on&#8220; gutter_width=&#8220;2&#8243; make_equal=&#8220;on&#8220; _builder_version=&#8220;4.24.2&#8243; _module_preset=&#8220;default&#8220; width=&#8220;90%&#8220; max_width=&#8220;2000px&#8220; global_colors_info=&#8220;{}&#8220;][et_pb_column type=&#8220;1_4&#8243; _builder_version=&#8220;4.24.2&#8243; _module_preset=&#8220;default&#8220; global_colors_info=&#8220;{}&#8220;][et_pb_image src=&#8220;https:\/\/pirupak.de\/wp-content\/uploads\/2024\/04\/WhatsApp-Image-2024-04-19-at-18.16.07-1.jpeg&#8220; title_text=&#8220;WhatsApp Image 2024-04-19 at 18.16.07 (1)&#8220; _builder_version=&#8220;4.24.3&#8243; _module_preset=&#8220;default&#8220; custom_margin=&#8220;20%||||false|false&#8220; scroll_scaling_enable=&#8220;on&#8220; scroll_scaling=&#8220;0|100|100|100|80%|100%|100&#8243; global_colors_info=&#8220;{}&#8220;][\/et_pb_image][\/et_pb_column][et_pb_column type=&#8220;1_4&#8243; _builder_version=&#8220;4.24.2&#8243; _module_preset=&#8220;default&#8220; global_colors_info=&#8220;{}&#8220;][et_pb_image src=&#8220;https:\/\/pirupak.de\/wp-content\/uploads\/2024\/04\/WhatsApp-Image-2024-04-19-at-18.16.03.jpeg&#8220; title_text=&#8220;WhatsApp Image 2024-04-19 at 18.16.03&#8243; _builder_version=&#8220;4.24.3&#8243; _module_preset=&#8220;default&#8220; custom_margin=&#8220;|-40%|||false|false&#8220; global_colors_info=&#8220;{}&#8220;][\/et_pb_image][\/et_pb_column][et_pb_column type=&#8220;1_4&#8243; _builder_version=&#8220;4.24.2&#8243; _module_preset=&#8220;default&#8220; global_colors_info=&#8220;{}&#8220;][et_pb_image src=&#8220;https:\/\/pirupak.de\/wp-content\/uploads\/2024\/04\/WhatsApp-Image-2024-04-19-at-18.16.06.jpeg&#8220; title_text=&#8220;WhatsApp Image 2024-04-19 at 18.16.06&#8243; _builder_version=&#8220;4.24.3&#8243; _module_preset=&#8220;default&#8220; custom_margin=&#8220;40%||||false|false&#8220; scroll_vertical_motion_enable=&#8220;on&#8220; scroll_vertical_motion=&#8220;0|50|50|100|1|0|-1&#8243; locked=&#8220;off&#8220; global_colors_info=&#8220;{}&#8220;][\/et_pb_image][\/et_pb_column][et_pb_column type=&#8220;1_4&#8243; _builder_version=&#8220;4.24.2&#8243; _module_preset=&#8220;default&#8220; global_colors_info=&#8220;{}&#8220;][et_pb_image src=&#8220;https:\/\/pirupak.de\/wp-content\/uploads\/2024\/04\/WhatsApp-Image-2024-04-19-at-18.16.08.jpeg&#8220; title_text=&#8220;WhatsApp Image 2024-04-19 at 18.16.08&#8243; _builder_version=&#8220;4.24.3&#8243; _module_preset=&#8220;default&#8220; custom_margin=&#8220;60%||||false|false&#8220; scroll_fade_enable=&#8220;on&#8220; scroll_fade=&#8220;0|100|100|100|40%|100|100&#8243; locked=&#8220;off&#8220; global_colors_info=&#8220;{}&#8220;][\/et_pb_image][\/et_pb_column][\/et_pb_row][\/et_pb_section][et_pb_section fb_built=&#8220;1&#8243; admin_label=&#8220;About&#8220; _builder_version=&#8220;4.24.2&#8243; _module_preset=&#8220;default&#8220; collapsed=&#8220;on&#8220; global_colors_info=&#8220;{}&#8220;][et_pb_row _builder_version=&#8220;4.24.2&#8243; _module_preset=&#8220;default&#8220; width=&#8220;90%&#8220; max_width=&#8220;2000px&#8220; custom_padding=&#8220;||0px|||&#8220; global_colors_info=&#8220;{}&#8220;][et_pb_column type=&#8220;4_4&#8243; _builder_version=&#8220;4.24.3&#8243; _module_preset=&#8220;default&#8220; global_colors_info=&#8220;{}&#8220;][et_pb_text _builder_version=&#8220;4.24.3&#8243; _module_preset=&#8220;eaaac8e0-e280-4c34-a6d7-a88358dabc20&#8243; custom_margin=&#8220;||10px||false|false&#8220; custom_padding=&#8220;||8px|||&#8220; locked=&#8220;off&#8220; global_colors_info=&#8220;{}&#8220;]<\/p>\n<h3>Unsere St\u00e4rken<\/h3>\n<p>[\/et_pb_text][\/et_pb_column][\/et_pb_row][et_pb_row column_structure=&#8220;1_2,1_2&#8243; _builder_version=&#8220;4.24.2&#8243; _module_preset=&#8220;default&#8220; width=&#8220;90%&#8220; max_width=&#8220;2000px&#8220; custom_padding=&#8220;0px|||||&#8220; global_colors_info=&#8220;{}&#8220;][et_pb_column type=&#8220;1_2&#8243; _builder_version=&#8220;4.24.2&#8243; _module_preset=&#8220;default&#8220; global_colors_info=&#8220;{}&#8220;][et_pb_text _builder_version=&#8220;4.24.3&#8243; _module_preset=&#8220;802a0cc5-890d-4603-b351-7157b37db8be&#8220; global_colors_info=&#8220;{}&#8220;]<\/p>\n<ul>\n<li><strong>Freundlich<\/strong><br \/>Erfahren Sie, wie wir mit einem L\u00e4cheln im Gesicht und einem offenen Ohr f\u00fcr Ihre Bed\u00fcrfnisse ein angenehmes Kundenerlebnis schaffen.<\/li>\n<li><strong>Zuverl\u00e4ssig<\/strong><br \/>Verlassen Sie sich darauf, dass wir unsere Versprechen einhalten und stets p\u00fcnktlich und professionell arbeiten.<\/li>\n<li><strong>Umweltfreundlich<\/strong><br \/>Entdecken Sie unsere Bem\u00fchungen, die Umwelt zu sch\u00fctzen, indem wir auf nachhaltige Reinigungsmethoden und umweltfreundliche Produkte setzen.<\/li>\n<li><strong>Kompetent<\/strong><br \/>Vertrauen Sie auf unsere langj\u00e4hrige Erfahrung und Fachkompetenz, wenn es um die Reinigung Ihrer wertvollen Teppiche geht.<\/li>\n<li><strong>Flexibel<\/strong><br \/>Erfahren Sie, wie wir uns Ihren individuellen Anforderungen anpassen und ma\u00dfgeschneiderte L\u00f6sungen f\u00fcr Sie entwickeln.Freundlich<\/li>\n<\/ul>\n<p>[\/et_pb_text][\/et_pb_column][et_pb_column type=&#8220;1_2&#8243; _builder_version=&#8220;4.24.2&#8243; _module_preset=&#8220;default&#8220; global_colors_info=&#8220;{}&#8220;][et_pb_text _builder_version=&#8220;4.24.3&#8243; _module_preset=&#8220;802a0cc5-890d-4603-b351-7157b37db8be&#8220; locked=&#8220;off&#8220; global_colors_info=&#8220;{}&#8220;]<\/p>\n<p>Vielen Dank f\u00fcr Ihre Zeit und Aufmerksamkeit. Wenn Sie Interesse an unseren Dienstleistungen haben oder weitere Details ben\u00f6tigen, z\u00f6gern Sie bitte nicht, uns zu kontaktieren. Wir freuen uns darauf, von Ihnen zu h\u00f6ren und Ihnen weiterzuhelfen.<\/p>\n<p>[\/et_pb_text][\/et_pb_column][\/et_pb_row][\/et_pb_section][et_pb_section fb_built=&#8220;1&#8243; admin_label=&#8220;Who We Are&#8220; _builder_version=&#8220;4.24.2&#8243; _module_preset=&#8220;default&#8220; collapsed=&#8220;on&#8220; global_colors_info=&#8220;{}&#8220;][et_pb_row column_structure=&#8220;3_5,2_5&#8243; _builder_version=&#8220;4.24.2&#8243; _module_preset=&#8220;default&#8220; width=&#8220;90%&#8220; max_width=&#8220;2000px&#8220; min_height=&#8220;573.7px&#8220; global_colors_info=&#8220;{}&#8220;][et_pb_column type=&#8220;3_5&#8243; _builder_version=&#8220;4.24.2&#8243; _module_preset=&#8220;default&#8220; global_colors_info=&#8220;{}&#8220;][et_pb_image src=&#8220;https:\/\/pirupak.de\/wp-content\/uploads\/2024\/04\/WhatsApp-Image-2024-04-19-at-18.16.07.jpeg&#8220; title_text=&#8220;WhatsApp Image 2024-04-19 at 18.16.03&#8243; force_fullwidth=&#8220;on&#8220; _builder_version=&#8220;4.24.3&#8243; _module_preset=&#8220;default&#8220; global_colors_info=&#8220;{}&#8220;][\/et_pb_image][\/et_pb_column][et_pb_column type=&#8220;2_5&#8243; _builder_version=&#8220;4.24.2&#8243; _module_preset=&#8220;default&#8220; custom_padding=&#8220;||16vw||false|false&#8220; custom_padding_tablet=&#8220;||0vw||false|false&#8220; custom_padding_phone=&#8220;||0vw||false|false&#8220; custom_padding_last_edited=&#8220;on|desktop&#8220; global_colors_info=&#8220;{}&#8220;][et_pb_text _builder_version=&#8220;4.24.3&#8243; _module_preset=&#8220;eaaac8e0-e280-4c34-a6d7-a88358dabc20&#8243; custom_margin=&#8220;||10px||false|false&#8220; global_colors_info=&#8220;{}&#8220;][\/et_pb_text][et_pb_text _builder_version=&#8220;4.24.3&#8243; _module_preset=&#8220;802a0cc5-890d-4603-b351-7157b37db8be&#8220; global_colors_info=&#8220;{}&#8220;][\/et_pb_text][\/et_pb_column][\/et_pb_row][et_pb_row column_structure=&#8220;3_4,1_4&#8243; _builder_version=&#8220;4.24.2&#8243; _module_preset=&#8220;default&#8220; width=&#8220;90%&#8220; max_width=&#8220;2000px&#8220; global_colors_info=&#8220;{}&#8220;][et_pb_column type=&#8220;3_4&#8243; _builder_version=&#8220;4.24.2&#8243; _module_preset=&#8220;default&#8220; global_colors_info=&#8220;{}&#8220;][et_pb_text _builder_version=&#8220;4.24.3&#8243; _module_preset=&#8220;eaaac8e0-e280-4c34-a6d7-a88358dabc20&#8243; custom_margin=&#8220;||10px||false|false&#8220; global_colors_info=&#8220;{}&#8220;]<\/p>\n<h3>Unsere Spezialisierung<\/h3>\n<p>[\/et_pb_text][et_pb_text _builder_version=&#8220;4.24.3&#8243; _module_preset=&#8220;802a0cc5-890d-4603-b351-7157b37db8be&#8220; global_colors_info=&#8220;{}&#8220;]<\/p>\n<p>Wir sind darauf spezialisiert, eine breite Palette von maschinengewebten Teppichen zu reinigen, darunter Wollweb-, Velours-, Nylon-, Flicken- und Flokatiteppiche. Dar\u00fcber hinaus sind wir Experten in der Reinigung von echten Teppichen wie Orientteppichen, Handgekn\u00fcpften, Junghans-, China-, Nepal-, Tibet-, Handgetufteten, Kelim-, Indio- und Berberteppichen sowie Schmutzfangsmatten.<\/p>\n<p>Abholung und Kontakt:<\/p>\n<p>Wir bieten einen bequemen Abholservice f\u00fcr unsere Kunden an, der w\u00e4hrend unserer w\u00f6chentlichen Touren gegen einen pauschalen Betrag je nach Entfernung erfolgt. Falls Sie au\u00dferhalb unserer Touren eine Abholung ben\u00f6tigen, k\u00f6nnen Sie gerne einen Termin mit uns vereinbaren.<\/p>\n<p>&nbsp;<\/p>\n<p>[\/et_pb_text][\/et_pb_column][et_pb_column type=&#8220;1_4&#8243; _builder_version=&#8220;4.24.2&#8243; _module_preset=&#8220;default&#8220; global_colors_info=&#8220;{}&#8220;][\/et_pb_column][\/et_pb_row][\/et_pb_section][et_pb_section fb_built=&#8220;1&#8243; admin_label=&#8220;Featured Work&#8220; _builder_version=&#8220;4.24.2&#8243; _module_preset=&#8220;default&#8220; background_color=&#8220;#000000&#8243; collapsed=&#8220;on&#8220; global_colors_info=&#8220;{}&#8220;][et_pb_row column_structure=&#8220;1_3,1_3,1_3&#8243; use_custom_gutter=&#8220;on&#8220; gutter_width=&#8220;2&#8243; make_equal=&#8220;on&#8220; _builder_version=&#8220;4.24.2&#8243; _module_preset=&#8220;default&#8220; width=&#8220;90%&#8220; max_width=&#8220;2000px&#8220; global_colors_info=&#8220;{}&#8220;][et_pb_column type=&#8220;1_3&#8243; _builder_version=&#8220;4.24.2&#8243; _module_preset=&#8220;default&#8220; global_colors_info=&#8220;{}&#8220;][et_pb_image src=&#8220;https:\/\/pirupak.de\/wp-content\/uploads\/2024\/04\/WhatsApp-Image-2024-04-19-at-18.16.08-2.jpeg&#8220; title_text=&#8220;WhatsApp Image 2024-04-19 at 18.16.08 (2)&#8220; align=&#8220;right&#8220; _builder_version=&#8220;4.24.3&#8243; _module_preset=&#8220;default&#8220; position_origin_a=&#8220;center_right&#8220; position_origin_a_tablet=&#8220;center_right&#8220; position_origin_a_phone=&#8220;center_right&#8220; position_origin_a_last_edited=&#8220;off|desktop&#8220; position_origin_f_last_edited=&#8220;off|desktop&#8220; position_origin_r_last_edited=&#8220;off|desktop&#8220; width=&#8220;60%&#8220; custom_margin=&#8220;30%||||false|false&#8220; scroll_horizontal_motion_enable=&#8220;on&#8220; scroll_horizontal_motion=&#8220;0|50|50|100|1|0|-1&#8243; scroll_fade_enable=&#8220;on&#8220; positioning_tablet=&#8220;none&#8220; positioning_phone=&#8220;none&#8220; positioning_last_edited=&#8220;off|desktop&#8220; global_colors_info=&#8220;{}&#8220;][\/et_pb_image][\/et_pb_column][et_pb_column type=&#8220;1_3&#8243; _builder_version=&#8220;4.24.2&#8243; _module_preset=&#8220;default&#8220; z_index=&#8220;10&#8243; global_colors_info=&#8220;{}&#8220;][et_pb_image src=&#8220;https:\/\/pirupak.de\/wp-content\/uploads\/2024\/04\/WhatsApp-Image-2024-04-19-at-18.16.07-2.jpeg&#8220; title_text=&#8220;WhatsApp Image 2024-04-19 at 18.16.07&#8243; align_tablet=&#8220;right&#8220; align_phone=&#8220;right&#8220; align_last_edited=&#8220;on|tablet&#8220; _builder_version=&#8220;4.24.3&#8243; _module_preset=&#8220;default&#8220; width_tablet=&#8220;60%&#8220; width_phone=&#8220;60%&#8220; width_last_edited=&#8220;on|tablet&#8220; scroll_vertical_motion_enable=&#8220;on&#8220; scroll_vertical_motion=&#8220;0|50|50|100|1|0|-1&#8243; global_colors_info=&#8220;{}&#8220;][\/et_pb_image][\/et_pb_column][et_pb_column type=&#8220;1_3&#8243; _builder_version=&#8220;4.24.2&#8243; _module_preset=&#8220;default&#8220; global_colors_info=&#8220;{}&#8220;][et_pb_image src=&#8220;https:\/\/pirupak.de\/wp-content\/uploads\/2024\/04\/WhatsApp-Image-2024-04-19-at-18.16.04.jpeg&#8220; title_text=&#8220;WhatsApp Image 2024-04-19 at 18.16.07 (1)&#8220; _builder_version=&#8220;4.24.3&#8243; _module_preset=&#8220;default&#8220; position_origin_a=&#8220;center_left&#8220; position_origin_a_tablet=&#8220;center_left&#8220; position_origin_a_phone=&#8220;center_left&#8220; position_origin_a_last_edited=&#8220;off|desktop&#8220; position_origin_f_last_edited=&#8220;off|desktop&#8220; position_origin_r_last_edited=&#8220;off|desktop&#8220; width=&#8220;60%&#8220; custom_margin=&#8220;50%||||false|false&#8220; scroll_horizontal_motion_enable=&#8220;on&#8220; scroll_horizontal_motion=&#8220;0|50|50|100|-1|0|1&#8243; scroll_fade_enable=&#8220;on&#8220; positioning_tablet=&#8220;none&#8220; positioning_phone=&#8220;none&#8220; positioning_last_edited=&#8220;off|desktop&#8220; locked=&#8220;off&#8220; global_colors_info=&#8220;{}&#8220;][\/et_pb_image][\/et_pb_column][\/et_pb_row][et_pb_row column_structure=&#8220;1_3,1_3,1_3&#8243; _builder_version=&#8220;4.24.2&#8243; _module_preset=&#8220;default&#8220; width=&#8220;90%&#8220; max_width=&#8220;2000px&#8220; global_colors_info=&#8220;{}&#8220;][et_pb_column type=&#8220;1_3&#8243; _builder_version=&#8220;4.24.2&#8243; _module_preset=&#8220;default&#8220; global_colors_info=&#8220;{}&#8220;][et_pb_text _builder_version=&#8220;4.24.2&#8243; _module_preset=&#8220;eaaac8e0-e280-4c34-a6d7-a88358dabc20&#8243; header_3_text_color=&#8220;#FFFFFF&#8220; global_colors_info=&#8220;{}&#8220;][\/et_pb_text][\/et_pb_column][et_pb_column type=&#8220;1_3&#8243; _builder_version=&#8220;4.24.2&#8243; _module_preset=&#8220;default&#8220; global_colors_info=&#8220;{}&#8220;][et_pb_text _builder_version=&#8220;4.24.2&#8243; _module_preset=&#8220;881877e7-0a9e-4920-bce1-a6469d98670c&#8220; text_text_color=&#8220;#FFFFFF&#8220; text_orientation=&#8220;center&#8220; text_orientation_tablet=&#8220;left&#8220; text_orientation_phone=&#8220;left&#8220; text_orientation_last_edited=&#8220;on|tablet&#8220; global_colors_info=&#8220;{}&#8220;][\/et_pb_text][\/et_pb_column][et_pb_column type=&#8220;1_3&#8243; _builder_version=&#8220;4.24.2&#8243; _module_preset=&#8220;default&#8220; global_colors_info=&#8220;{}&#8220;][\/et_pb_column][\/et_pb_row][\/et_pb_section][et_pb_section fb_built=&#8220;1&#8243; admin_label=&#8220;Full Width Video&#8220; _builder_version=&#8220;4.24.2&#8243; _module_preset=&#8220;default&#8220; background_color=&#8220;#000000&#8243; custom_padding=&#8220;0px||0px||true|false&#8220; collapsed=&#8220;on&#8220; global_colors_info=&#8220;{}&#8220;][\/et_pb_section][et_pb_section fb_built=&#8220;1&#8243; admin_label=&#8220;Full Width Image&#8220; _builder_version=&#8220;4.24.2&#8243; _module_preset=&#8220;default&#8220; custom_padding=&#8220;15px||15px||true|false&#8220; collapsed=&#8220;on&#8220; global_colors_info=&#8220;{}&#8220;][\/et_pb_section]<\/p>\n","protected":false},"excerpt":{"rendered":"<p>Willkommen bei PIR\u00dc PAKSeit \u00fcber einem Jahrzehnt bleiben wir fest auf dem Boden der Tatsachen. Unsere Expertise in der Reinigung hat uns zu einem vertrauensw\u00fcrdigen Namen in Berlin und Umgebung gemacht. Als f\u00fchrende Teppichreiniger sind wir stolz darauf, unseren Kunden eine professionelle und fachlich korrekte Beratung anzubieten, egal welche Reinigungsprobleme auftreten. Unsere Leidenschaft f\u00fcr Sauberkeit [&hellip;]<\/p>\n","protected":false},"author":1,"featured_media":0,"parent":0,"menu_order":0,"comment_status":"closed","ping_status":"closed","template":"","meta":{"_et_pb_use_builder":"on","_et_pb_old_content":"","_et_gb_content_width":"","footnotes":""},"_links":{"self":[{"href":"https:\/\/pirupak.de\/index.php?rest_route=\/wp\/v2\/pages\/90"}],"collection":[{"href":"https:\/\/pirupak.de\/index.php?rest_route=\/wp\/v2\/pages"}],"about":[{"href":"https:\/\/pirupak.de\/index.php?rest_route=\/wp\/v2\/types\/page"}],"author":[{"embeddable":true,"href":"https:\/\/pirupak.de\/index.php?rest_route=\/wp\/v2\/users\/1"}],"replies":[{"embeddable":true,"href":"https:\/\/pirupak.de\/index.php?rest_route=%2Fwp%2Fv2%2Fcomments&post=90"}],"version-history":[{"count":20,"href":"https:\/\/pirupak.de\/index.php?rest_route=\/wp\/v2\/pages\/90\/revisions"}],"predecessor-version":[{"id":162,"href":"https:\/\/pirupak.de\/index.php?rest_route=\/wp\/v2\/pages\/90\/revisions\/162"}],"wp:attachment":[{"href":"https:\/\/pirupak.de\/index.php?rest_route=%2Fwp%2Fv2%2Fmedia&parent=90"}],"curies":[{"name":"wp","href":"https:\/\/api.w.org\/{rel}","templated":true}]}}